 - (-1 + 0)). What is the tens digit of i(t)?
1
Let y = -14 + 18. Suppose -4*f = j - 13, 100 = -0*j + 4*j + y*f. Let u = j + -12. What is the tens digit of u?
1
Let l = -7486 + 12200. What is the thousands digit of l?
4
Let p be (-573)/(-2)*6/9. Let b = p - 90. What is the tens digit of b?
0
Suppose 2*b + 128 = 2*k, -30 = 2*k + 3*b - 168. Suppose -k = 2*m + m. Let w = m + 44. What is the units digit of w?
2
Suppose 11 = 3*g - 13. Let h = 284 + -160. Suppose 0 = -4*d + g*d - h. What is the units digit of d?
1
Let y(z) = -123*z**3 - 2*z**2 - 3*z - 5. What is the units digit of y(-2)?
7
Let u(h) = -32*h + 2. What is the units digit of u(-6)?
4
Let n(r) = r**2 + 2. Let h(g) = 4*g**3 - 2*g + 1. Let j be h(1). Suppose -j*o - 2*o = -25. What is the tens digit of n(o)?
2
Suppose d - 362 = -4*a + 3995, 5*d + 3239 = 3*a. What is the tens digit of a?
8
Let t = 321 + 235. What is the tens digit of t?
5
Suppose 0 = -4*g + 5*d + 555, -4*g - 3*d - 279 = -6*g. Suppose -10 + g = 5*c. Let i = -14 + c. What is the tens digit of i?
1
Let m(u) = -2*u - 19. Let r be m(-11). Suppose 4*h = -4, 4*b + r = 2*b + h. What is the units digit of (-1)/(b + 95/50)?
0
Let z = -76 + 79. What is the tens digit of z - 8/(-4) - -21?
2
Let k(n) = 3*n + 1165. What is the tens digit of k(0)?
6
Suppose -7*o + 3*o = -4808. What is the tens digit of o?
0
What is the tens digit of (-681 - -4)/((2 - 5) + 2)?
7
What is the tens digit of -102*((-545)/30 - 0)?
5
Let t(d) = 1. Let g(f) = 88*f - 8. Let y(w) = -g(w) - 4*t(w). What is the hundreds digit of y(-2)?
1
Let i = 65 - 57. Suppose -3*y + 110 = i*y. What is the units digit of y?
0
Suppose 46 = 5*r - 4*w - 2705, -4*r + 2*w = -2196. What is the tens digit of r?
4
What is the units digit of 3860/(-8)*(-24)/12?
5
Suppose 3*p - 44 = -17. Suppose p*y - 1150 = 776. What is the hundreds digit of y?
2
Suppose 0 = 2*j + 3*m - 1441, 2*j - 5*m = -3*j + 3665. What is the hundreds digit of j?
7
Let j be 3/5 - 10/(-25). What is the tens digit of j - (-4 - 43 - 0)?
4
Let t(n) be the third derivative of n**5/60 - n**4/4 - n**3/2 + 4*n**2. Let w be t(-5). Suppose -6*l + 2*l = -w. What is the units digit of l?
3
What is the tens digit of -6 + (26525/50 - (-2)/4)?
2
Let q be 5/(-2) - 111/(-2). Suppose 0 = 2*z - z - q. What is the tens digit of z?
5
Let l(z) = 9*z**2 + 4*z - 6. Let t(c) = 2*c**2 + 7*c + 8. Let w be t(-2). What is the tens digit of l(w)?
3
What is the hundreds digit of 2*(755/1 + (-14)/28)?
5
Suppose z = 6*z - 0*z. Suppose 2*b = -2*c - z*c + 270, 3*b - 405 = c. What is the units digit of b?
5
Let o(y) = 203*y**2 + 8*y - 3. What is the hundreds digit of o(2)?
8
Suppose 6*f = 2*f. Let q = 1 - f. What is the units digit of ((0 + -3)/q)/(-3)?
1
What is the units digit of 21/(-28) + (-5)/4 - -336?
4
Suppose 1024 = o - 4*t, -6*o + t = -2*o - 4141. What is the hundreds digit of o?
0
Let z(d) = -d**3 + 5*d**2 + 5*d - 3. Suppose -5 - 12 = y. Let j = -12 - y. What is the tens digit of z(j)?
2
Let a = -97 - -102. Suppose -a*p = -3 - 117. What is the tens digit of p?
2
Suppose 5*j - 5480 = 5*m, 1084 = j - 494*m + 489*m. What is the units digit of j?
9
Suppose 4*m + 4*p = 96, -5*m = -3*p - 21 - 67. Let l = 28 - m. Suppose -l*z = -13*z + 300. What is the units digit of z?
0
Suppose 145 + 986 = 39*k. What is the units digit of k?
9
Suppose -2*p - 2*s = -3204, 5*p - 4406 = s + 3598. What is the thousands digit of p?
1
Suppose -6 = -2*l + 12. Suppose 0*y + 18 = -4*y + 2*j, 4*j = 5*y + 30. Let a = l - y. What is the tens digit of a?
1
What is the units digit of 7251/9 + 2/6?
6
Let j = 1525 + 1410. What is the thousands digit of j?
2
Let o be (-1 + -1 - 0/4) + -2. Suppose -2*s = -5*w - 7, 5*s = s + w - 13. What is the tens digit of o*(13/s + -1)?
1
Let p be 10/(-3)*3/2. Let z = p - -10. Let o(v) = v**2 - 3*v - 1. What is the units digit of o(z)?
9
Suppose u = -a - 4, 0 = -u - 0*a + 4*a + 16. Let i(r) = -r**2 - 4*r + 228. What is the units digit of i(u)?
8
Let j be 2*(-2)/10 - 108/(-20). Suppose j*x + 4*x - 378 = 0. What is the units digit of x?
2
Suppose 2*x - 2*q + 10 = -0*x, -q - 13 = 2*x. Let f = 7 + x. What is the units digit of f?
1
Suppose -c + 4*c + 606 = 0. Suppose 3*o + 5 = 5*i - 0*i, -8 = 4*i. What is the units digit of c/o - 8/20?
0
Let j be -1 - 4/(12/(-15)). Suppose 0 = j*t + t. Suppose 43 = m - t. What is the tens digit of m?
4
Let d = 0 - -3. Let a be (-60)/4*(d + 0). Let y = a - -63. What is the units digit of y?
8
Let g be (-4)/6*23/(161/3570). Let j = -178 - g. What is the hundreds digit of j?
1
Let g = -10 + 26. Let m = -13 + g. Suppose 36 = 4*v - 3*n + 14, -n = m*v - 23. What is the units digit of v?
7
Suppose 2*u - 3*t = -4*t + 76, 0 = 5*t - 20. Let f = 50 - u. What is the units digit of f?
4
Suppose -5*b + 6 = -z - 2, -2 = 3*b - 4*z. Suppose 0 = -b*x + 17 - 19. What is the tens digit of (3 + -21 - 1)*x?
1
What is the hundreds digit of (-3)/(-3*2/414)?
2
Let m = -182 + 887. What is the tens digit of m?
0
Let y = -20 + 24. Let k be (-3)/(-6)*2 + y. Suppose 4*q - 2*q + 12 = 2*n, -4*n = k*q - 24. What is the units digit of n?
6
Let p = 1075 - 963. What is the units digit of p?
2
Let u(k) = k**3 - 8*k**2 - k + 10. Let o be u(8). Let q be (o/6)/((-1)/6). What is the units digit of (-1)/q + (-40)/(-16)?
3
Let d(i) = 8*i**2 - 4*i + 61. What is the units digit of d(-9)?
5
Let a = -11 - -7. What is the units digit of -2*(a - (-73)/(-2))?
1
Suppose -4*p + 2884 = -3*d, 3*d - 1444 - 698 = -3*p. What is the tens digit of p?
1
Suppose -5*k + 4286 = 486. Suppose -5*b + a = -k, 3*b + 4*a - 456 = 3*a. What is the units digit of b?
2
Suppose -14*s + 23 = -13*s. Let i = s + 16. What is the tens digit of i?
3
Let h(x) = -x**2 - 30*x - 40. Let d be h(-27). Let o = -12 + d. What is the tens digit of o?
2
Let k = 8 + -3. Suppose 0 = -k*r + 8 + 2. Suppose -3*b + 105 = x + r*x, x - 131 = -4*b. What is the tens digit of b?
3
Suppose 7 + 9 = 4*n + 4*c, -4 = -n - 3*c. Suppose -108 = -n*t + 232. Suppose 3*v - t = 56. What is the tens digit of v?
4
Let q = 584 - 100. What is the hundreds digit of q?
4
Suppose 4*k = -5*v, 6*v = 3*v - 4*k. Let i(r) = -2*r - 3. Let o be i(-3). Suppose v = -2*a + o*a - w - 33, 2*w + 156 = 5*a. What is the units digit of a?
0
Let l be (32/16)/(2 + -1). Suppose 0 = 5*v - 112 + 7. Suppose l*c + 4*t = -0*c + 24, 2*c - v = -5*t. What is the units digit of c?
8
Let b be -6*((-60)/9 + 1). Suppose -4*v - 112 = -2*l + b, -5*l = 3*v - 300. What is the tens digit of l?
6
Let u(n) = n + 23. Let a be u(-20). Suppose -2*k = -4*c + 18, -k + 23 = 5*c - a*k. What is the units digit of c?
5
Suppose -3*l = -18 + 60. Let o = 17 + l. Suppose -3*i + 3*f + 102 = 0, i + f = -o*i + 146. What is the units digit of i?
6
Suppose -2*l - 215 + 31 = 0. Let u = -3 - l. What is the units digit of u?
9
What is the thousands digit of 13810/15*(14/4 + -2)?
1
Let y = -144 - -266. Let h = -28 + y. What is the units digit of h?
4
Let c be (4/6)/((-10)/4140). What is the tens digit of (c/(-16))/(3/8)?
4
Let u = -156 - -222. Let i be (-2)/(-3)*u/4. Suppose 3*x + 19 = l, 0*l - x - i = -l. What is the units digit of l?
7
Suppose -11*q + 8664 = 8*q. What is the hundreds digit of q?
4
Let s(j) = j**2 - 8*j - 13. Let o(b) be the first derivative of -b**4/4 + 5*b**3/3 - b**2 - 2*b - 1. Let l be o(3). What is the units digit of s(l)?
7
Suppose -3*r = -188 + 41. Let u = 5 + r. What is the tens digit of u?
5
Let k(y) = -19*y**3 - 21*y**2 - 8*y. What is the units digit of k(-6)?
6
Let t be (9/2)/((-1)/(-2)). Suppose 0 = -5*f - 4*j - 41, 0 = f + j + t - 0. Let o(g) = g + 9. What is the units digit of o(f)?
4
Let i = -60 - -65. Suppose -i*m + 216 = -129. What is the tens digit of m?
6
Let f(h) = 10*h**2 + 1. Let a be f(2). Suppose -a - 67 = -v. What is the units digit of v?
8
Suppose 10*w = 1688 + 2932. Suppose -3*g - 4*r + 282 = -0*r, -5*g + w = 4*r. What is the tens digit of g?
9
Let q = 6 + -23. Let o = 1 - q. What is the units digit of o?
8
Suppose -2*j + 3*x + 1954 = 0, 4*j + 2*x = -1271 + 5179. What is the tens digit of j?
7
What is the units digit of 69050/90 + (-8)/36?
7
Let c = 1123 - -34. What is the units digit of c?
7
Let o(s) = 1263*s - 19. What is the units digit of o(1)?
4
Suppose 3*q + x = 4, -4*x + 14 + 2 = q. Let r(k) = 42 + k - 13 + q*k - 16. What is the units digit of